9.
37
Let w = 0 - -5. Suppose 4*k + 70 = w*k. Calculate the remainder when k is divided by 24.
22
Let l be -5 + 3 - (-12)/1. What is the remainder when (-1)/2 - (-195)/l is divided by 11?
8
Suppose -3*d - 2*d = a + 7, -4*a + d = -14. Calculate the remainder when 9 is divided by a.
0
Let p = 4 - 10. Let w = 18 - 19. Let x = w - p. Calculate the remainder when 13 is divided by x.
3
Let r = 2 + 6. Calculate the remainder when 29 is divided by r.
5
Let u = 167 - 117. Suppose -2*m - y + 25 = 0, -5*m - 4 = -3*y - u. Suppose 0 = -t - 4 + m. What is the remainder when 12 is divided by t?
5
Suppose 0 = 14*a - 6*a - 96. Calculate the remainder when 56 is divided by a.
8
Let g(f) = -f + 26. Suppose z - 2*n + 8 = 0, 12 = -5*z + 3*n - 0*n. Suppose z = -3*h + h. What is the remainder when g(h) is divided by 14?
12
Suppose 3*j = 4*f - 1, 0*j + 3*j + f - 19 = 0. What is the remainder when (-87)/(-5) - (-144)/(-360) is divided by j?
2
What is the remainder when 37 is divided by -4 + 1 + (-2 - -15)?
7
Let g(w) = -4*w + 24. Calculate the remainder when g(-5) is divided by 9.
8
Let w = 10 + -1. Calculate the remainder when ((-16)/10)/((-2)/20) is divided by w.
7
Let j(r) = r**3 + 11*r**2 - 15*r - 7. Let q(p) = -p + 1. Let z be q(2). What is the remainder when j(-12) is divided by z/4 + (-195)/(-12)?
13
Suppose 0 = -4*m + m. Suppose y - 7 = 4*g, -2*y - 5*g + 48 + 5 = m. What is the remainder when y is divided by 1 - (1*9)/(-1)?
9
Suppose -2*c + 0*c + 2*n = -16, 3*c = -2*n + 34. What is the remainder when 36 is divided by c?
6
Let j be 2*(-1 + 0 + 0). Let h = 41 - j. What is the remainder when h is divided by 15?
13
Let s be (-1)/(1/(-2 - 0)). Suppose 1 + 1 = -p, -s*f = -2*p - 214. What is the remainder when f is divided by 27?
24
Suppose -17 = 3*k + 1. What is the remainder when 54 is divided by 2*(-3)/(k/11)?
10
Suppose t = 3 + 8. Suppose -3*o + t + 154 = 0. What is the remainder when o is divided by 19?
17
Let q(c) = c**2 - 6*c + 9. Let a be q(7). Calculate the remainder when a*(3/1)/3 is divided by 9.
7
Suppose -l + 5*b + 30 = -3*l, -5*b + 20 = -3*l. Let n(v) = -v - 3. Suppose 2*q + 0*q = 24. What is the remainder when q is divided by n(l)?
5
Let g(v) = v + 7. Let l be 10*4/3*6. Suppose 5*y = -5*c + l, 2*c - 2*y - 28 = c. Calculate the remainder when c is divided by g(0).
6
Suppose -z = -2 + 4. What is the remainder when 30 is divided by z + 5 + 5 - -3?
8
Suppose -95 = -4*c + 5*s, -98 = -4*c - 3*s + 5*s. Let j = 48 - c. Let b(z) = 3*z**2 - 8*z - 12. Calculate the remainder when b(-4) is divided by j.
22
Suppose 0 = s + 3*w + 58, 2*w + 117 = -2*s - 3*w. Let a = -24 - s. What is the remainder when a is divided by 13?
11
Suppose -z - 3 = x, -2*x + 3*x + 3*z - 3 = 0. Let u = x - -12. Suppose 5*i = u*i - 20. What is the remainder when 59 is divided by i?
19
Let a(c) = 3*c**2 - 2*c - 2. Let j be a(2). Suppose -2*u - j = 0, 0 = -2*x + u + 29 + 12. Let g = 5 - -2. Calculate the remainder when x is divided by g.
5
Suppose -3*d = -4*k + 94, -2*k - d + 66 - 24 = 0. What is the remainder when 37 is divided by k?
15
Let l(w) = w**3 + 2*w**2 + 4*w. Let s be l(-4). Calculate the remainder when 61 is divided by (0 - 2/6)*s.
13
Let h(x) = x**3 - 4*x**2 - 4*x - 2. Let w be h(4). What is the remainder when 46*3/w*-3 is divided by 6?
5
Let p be 0/1 - 7/1. Let w = -3 - p. Let v(h) = h**3 - 3*h**2 - 3*h - 1. What is the remainder when v(w) is divided by 2?
1
Suppose o = -2*n + 6*o + 23, 5*n = -3*o + 73. What is the remainder when 111 is divided by n?
13
Suppose -2 = -2*c + 2. Suppose -o = -c*o + 3. Calculate the remainder when o is divided by 2.
1
What is the remainder when 3/(24/(-4))*-104 is divided by 28?
24
Let v(m) = -3 - 2*m**2 + 3*m - 6*m + 3*m**2. Calculate the remainder when (-2 - -1)/((-1)/19) is divided by v(5).
5
Let z = 214 + -171. What is the remainder when 126 is divided by z?
40
Suppose -5*t = -3*t + 2. Let x be 22 + (-3 + 2)*t. Suppose s = 2*s - x. What is the remainder when s is divided by 6?
5
Let u = -102 + 149. What is the remainder when u is divided by 10?
7
What is the remainder when 172*(-11)/110*(-15)/2 is divided by 13?
12
Let j = 1 - -14. Suppose 4*s + j = s. What is the remainder when 16/(-10)*s*2 is divided by 9?
7
Let b(c) be the second derivative of -c**3/2 + c**2 + 2*c. Let h be b(4). What is the remainder when h*(0 - -1)*-1 is divided by 6?
4
Let j(s) = 2*s - 7. Suppose 4*p + p - v = 21, 0 = -2*p - v + 14. Let g be j(p). Suppose -t + g = -3. What is the remainder when 9 is divided by t?
3
What is the remainder when ((-36)/(-24))/((-2)/(-56)) is divided by 15?
12
Suppose 2*k + 2*k = 56. Let s = 15 + -7. What is the remainder when k is divided by s?
6
Let r(f) = -24*f - 22*f + f - 2*f. Calculate the remainder when r(-1) is divided by 16.
15
Calculate the remainder when (-1 - 1)/(6 + 296/(-49)) is divided by 14.
7
Suppose 233 - 44 = 7*l. Calculate the remainder when 107 is divided by l.
26
Suppose 2*l = 36 + 10. What is the remainder when 89 is divided by l?
20
Let g = -20 + 45. Suppose -4*f - 4 = 5*m - 66, -4*f + 34 = 3*m. What is the remainder when g is divided by m?
11
Suppose -4*k + 3*m - 1 = -2, -5*k - 3*m = -35. What is the remainder when 15 is divided by k?
3
Let u(v) = -v**2 - 12*v + 12. What is the remainder when u(-10) is divided by 13?
6
Let x(y) = -y - 2. Let t be x(-11). Let f = 11 - -11. Calculate the remainder when f is divided by 8*(t/6 + 0).
10
Suppose 0 = -5*d + 2*d + 15. Let y(c) = -c**3 + 5*c**2 + c + 4. What is the remainder when 33 is divided by y(d)?
6
Let b(f) = 17*f - 1. Let v be b(6). Suppose 4*z - 146 = 2*s, 4*s = -4*z + 27 + v. Calculate the remainder when z is divided by 3*-6*4/(-6).
11
Let x = -24 - 33. Let g = x + 80. Calculate the remainder when g is divided by 13.
10
Suppose -5*x + 10 = d, 3*x + d = 3*d + 6. Suppose 2*a = x + 2. Let c(k) = -2*k - 3. Calculate the remainder when c(-5) is divided by a.
1
Let w(c) = -8*c - 4. Let d be w(-2). Suppose -i - d = -g - 6*i, i - 12 = 3*g. Let a = 7 - g. What is the remainder when 18 is divided by a?
8
Let k(z) = -z**2 + 5*z + 4. Let y be k(6). Let a = y + 3. Suppose -2*q + 7 = -a. What is the remainder when 7 is divided by q?
3
Suppose -t + 3*u = -19, -5*t - 5*u + 120 = 5. What is the remainder when t is divided by 6?
4
Suppose 2*c + 3*d = 25 + 18, 0 = -5*c + 5*d + 170. What is the remainder when 142 is divided by c?
26
Let t be (-3 - -4)/(3/15). Let b = -2 + t. What is the remainder when 8 is divided by b?
2
Let d = 7 + -12. Let m(u) = u**3 + 5*u**2 - 3*u + 2. Calculate the remainder when 66 is divided by m(d).
15
Let m = -25 + 33. Calculate the remainder when 19 is divided by m.
3
Let b(i) = i**2 - 10*i - 23. What is the remainder when 95 is divided by b(13)?
15
Let l(j) = 5*j - 6. Let v be l(-6). Let o = -26 - v. Let y = 68 - 39. Calculate the remainder when y is divided by o.
9
Let u = 19 + 24. Calculate the remainder when u is divided by 15.
13
Suppose -2*d + 4 + 2 = 0. Suppose -4*t - 4*h - 8 = -0*h, 4*h + 24 = 4*t. Calculate the remainder when d is divided by t.
1
Suppose 0 = 2*l + l - 24. What is the remainder when 39 is divided by l?
7
Suppose 4 = -2*b + 4*b. Let r = b - -2. Let d(t) = -t**3 + 5*t**2 - t - 4. What is the remainder when d(3) is divided by r?
3
Let f(x) = -15*x - 4. Let g(n) = n + 5. Let c be g(-7). What is the remainder when 51 is divided by f(c)?
25
Calculate the remainder when 15*3 + (2 - 8) + 6 is divided by 6.
3
Suppose -4*c + 13 = -215. Calculate the remainder when c is divided by 10.
7
Let z = -24 + 61. Suppose -3*v - 2*p = -31, -4*v + z = -v - 4*p. What is the remainder when v is divided by 3?
2
Suppose -37 - 1 = -2*v. Let q be (-2 - 24/(-10))*5. What is the remainder when (1*(0 + 74))/q is divided by v?
18
Suppose 0*m - 51 = -4*i - 3*m, 0 = -5*i + 4*m + 87. What is the remainder when 59 is divided by i?
14
Let c(o) = o**3 - 4*o**2 + 3. What is the remainder when c(5) is divided by 10?
8
Let i(q) be the first derivative of q**3/3 - q**2 - 5*q + 26. Let m = 16 + -10. What is the remainder when 55 is divided by i(m)?
17
Let f(b) = 5*b**2 + 3*b. What is the remainder when f(-2) is divided by (-3)/((-15)/47) + (-2)/5?
5
Let c(p) = 2*p**2 - 4. Calculate the remainder when c(2) is divided by 1.
0
Suppose 3*r + 0*r = 0. Suppose -4*h - g + 78 = r, 2*g -